
Let q(g) = 2*g**2 - 41*g - 1016. What is q(47)?
1475
Let s(a) = -2*a**2 - 12664*a + 101460. Calculate s(8).
20
Let q(l) = l**2 - 76*l - 45406. Calculate q(-178).
-194
Let l(j) = -j**3 - 33*j**2 + 791*j + 11292. Give l(-45).
-3
Let b(m) = 1134*m + 47600. Determine b(-42).
-28
Let x(b) = -b**2 + 310*b - 19406. Give x(87).
-5
Let w(j) = -115*j**2 + 10925*j + 29. Calculate w(95).
29
Let t(q) = 3*q**2 + 1480*q + 27087. What is t(-19)?
50
Let i(q) = -3*q**3 - 21*q**2 + 324*q - 807. Give i(-15).
-267
Let h(x) = -212600*x**2 - 637803*x - 4. Determine h(-3).
5
Let s(i) = 3*i**2 + 427*i + 17429. Determine s(-58).
2755
Let n(j) = j**2 + 101*j + 1774. Determine n(-63).
-620
Let r(i) = -555*i + 1070. Calculate r(2).
-40
Let c(z) = -777*z - 11499. What is c(-18)?
2487
Let f(l) = 440*l**3 + 955*l**2 + 951*l - 3. Calculate f(-1).
-439
Let f(j) = -1345*j + 3768. What is f(3)?
-267
Let w(b) = -2*b**3 - 516*b + 2057. Give w(4).
-135
Let f(h) = 1770*h + 1569990. What is f(-887)?
0
Let f(t) = 14*t**3 - 8*t**2 - 85*t - 6. Determine f(-6).
-2808
Let l(a) = -10231*a + 5146174. What is l(503)?
-19
Let m(a) = 2247*a + 29538. What is m(-13)?
327
Let h(r) = -686*r + 44740. Calculate h(65).
150
Let b(v) = 17207*v - 171937. What is b(10)?
133
Let y(z) = 3*z**2 + 47*z - 312. Calculate y(23).
2356
Let n(w) = 965*w + 85947. Give n(-89).
62
Let r(o) = -1045*o - 165123. What is r(-158)?
-13
Let q(k) = -266097*k + 4257542. Give q(16).
-10
Let h(i) = -i**3 - 1129*i**2 + 109727*i - 1523. What is h(90)?
7
Let g(w) = 2*w**3 + 9*w**2 - 722*w - 4382. Give g(-6).
-158
Let f(q) = 7*q**3 + 10*q**2 - 826*q + 1618. Give f(2).
62
Let w(a) = a**3 + 112*a**2 + 2393*a - 23278. Determine w(-77).
-24
Let a(x) = x**2 - 25*x - 6. Determine a(-5).
144
Let z(n) = -n**3 + 102*n**2 + 1019*n + 173. Calculate z(-9).
-7
Let k(v) = -2*v**2 - 243*v - 2558. Give k(-122).
-2680
Let x(l) = 1249*l + 170. Determine x(1).
1419
Let d(v) = -405*v + 8906. Calculate d(22).
-4
Let i(r) = 267*r - 26674. Calculate i(100).
26
Let t(l) = 4329*l - 7516. Determine t(2).
1142
Let d(o) = -4*o**3 - 35*o**2 + 13*o - 114. Determine d(-11).
832
Let b(x) = -x**3 + 40*x**2 + 737*x - 3. Calculate b(-14).
263
Let j(m) = 15*m**2 - m - 111. What is j(9)?
1095
Let n(m) = 2*m**3 + 73*m**2 + 269*m + 5737. What is n(-35)?
-3
Let m(k) = 11244*k - 562208. Give m(50).
-8
Let b(w) = 14428*w**2 - 389572*w + 1. Determine b(27).
-431
Let u(x) = -1280*x - 7025. Calculate u(-8).
3215
Let m(o) = -4810*o**2 - 5291*o - 482. What is m(-1)?
-1
Let z(u) = -324*u**2 - 2*u + 7. Calculate z(-1).
-315
Let t(o) = 2*o**3 - 145*o**2 + 2082*o - 31. Give t(21).
-1732
Let n(k) = 6174*k + 30803. Determine n(-5).
-67
Let j(m) = -8411*m - 1185946. What is j(-141)?
5
Let b(j) = -4*j**2 + 160*j + 874. Determine b(45).
-26
Let r(i) = -i**3 + 6*i**2 + 30*i - 4. Give r(11).
-279
Let h(l) = -4*l**2 - 1898*l + 70246. Give h(-509).
4
Let j(o) = -33*o**3 - 10*o**2 - 25*o - 58. What is j(-3)?
818
Let p(m) = -175*m**3 + 5426*m**2 - 38*m + 401. Determine p(31).
184
Let d(z) = -2*z**3 - 106*z**2 - 933*z - 49443. Calculate d(-53).
6
Let j(o) = -5653*o + 3730963. Calculate j(660).
-17
Let r(g) = -g**2 + 407*g + 12228. Determine r(-28).
48
Let s(n) = -118*n**2 - 47319*n - 495. Calculate s(-401).
-94
Let f(g) = -25*g**3 + 30*g**2 + 364*g - 388. Determine f(1).
-19
Let t(c) = c**3 + 45*c**2 - 77*c - 9912. Determine t(-41).
-31
Let l(x) = 14*x**3 - 1443*x**2 + 448*x - 35521. Give l(103).
14
Let l(f) = -151*f**2 + 17089*f - 2935. Calculate l(113).
3
Let x(d) = -7*d**2 + 97*d - 258. Give x(16).
-498
Let l(m) = -m**2 + 197*m - 8421. Calculate l(107).
1209
Let g(d) = 87171*d - 2092097. Determine g(24).
7
Let l(n) = -2*n**3 - 55*n**2 + 56*n + 1. Give l(-28).
-783
Let z(l) = -2*l**3 + 22*l**2 - 43*l + 224. Determine z(10).
-6
Let p(i) = -820359*i + 2461072. Determine p(3).
-5
Let u(w) = w**3 + 30*w**2 + 416*w + 20718. What is u(-35)?
33
Let p(q) = q**3 - 73*q**2 - 217*q - 738. Determine p(76).
98
Let l(m) = 4*m**2 - 106*m - 4133. Give l(-26).
1327
Let b(a) = -45211*a + 18988613. Calculate b(420).
-7
Let o(t) = 347744*t - 12518787. What is o(36)?
-3
Let f(m) = -18*m**2 + 2329*m + 77995. Calculate f(157).
-34
Let v(q) = -386*q - 12366. What is v(-32)?
-14
Let b(s) = -298305*s + 5071186. What is b(17)?
1
Let k(j) = -584*j + 17049. Give k(29).
113
Let j(m) = m**2 - 2501*m + 172523. What is j(71)?
-7
Let q(v) = v**2 - 1052*v + 28591. Calculate q(28).
-81
Let u(g) = -g**2 - 618*g + 107490. Calculate u(-759).
471
Let b(i) = 880*i - 4629. Calculate b(7).
1531
Let o(x) = 106*x**2 + 377*x - 2555. Determine o(-7).
0
Let y(m) = -6414*m - 622090. Determine y(-97).
68
Let x(z) = 5*z**2 + 11288*z + 45136. Calculate x(-4).
64
Let w(o) = 122*o + 21106. Determine w(-173).
0
Let l(c) = 7745*c - 62005. Determine l(8).
-45
Let v(w) = -5*w**3 - 717*w**2 - 3728*w - 289. Determine v(-138).
-13
Let a(k) = 3*k**3 + 11*k**2 - 283*k - 1706. Give a(-6).
-260
Let n(l) = -1456*l - 13238. Determine n(-8).
-1590
Let z(b) = -2814*b - 2751. Give z(-1).
63
Let f(j) = 92*j - 28789. Determine f(312).
-85
Let a(x) = x**2 + 35913*x - 826527. Determine a(23).
1
Let x(h) = h**2 - 24*h - 8185. What is x(-69)?
-1768
Let i(h) = 753*h**2 + 18064*h - 192. What is i(-24)?
0
Let x(f) = 834*f - 2418. Calculate x(2).
-750
Let s(z) = -201*z - 16445. Calculate s(-81).
-164
Let i(m) = 389294*m - 7007329. Give i(18).
-37
Let z(f) = -92*f**2 - 1877*f + 3150. Give z(-22).
-84
Let p(u) = -913*u + 127219. Determine p(140).
-601
Let g(z) = z**3 + 132*z**2 - 852*z - 3312. Determine g(-138).
0
Let l(y) = -9765*y - 156239. Determine l(-16).
1
Let f(k) = 6*k**3 + 208*k**2 - 609*k - 25336. What is f(-34)?
-6
Let q(z) = 8646*z - 34570. Give q(4).
14
Let q(i) = -39*i**2 + 1464*i + 2916. Calculate q(-2).
-168
Let l(y) = 11*y**2 + 1346*y + 17222. Give l(-13).
1583
Let l(b) = -2285*b**2 + 18. Calculate l(0).
18
Let q(m) = -250*m + 27381. Give q(116).
-1619
Let p(h) = 10*h + 1503. Determine p(-153).
-27
Let x(y) = -y**2 + 496*y + 12478. Give x(-24).
-2
Let q(k) = -k**3 - 140*k**2 + 471*k - 380. Calculate q(2).
-6
Let c(o) = 5*o**3 + 913*o**2 - 379*o + 977. Calculate c(-183).
3356
Let q(w) = w**2 - 1187*w + 92705. What is q(84)?
53
Let a(i) = 6*i**3 - 3031*i**2 + 471*i + 17165. Determine a(505).
-5
Let l(c) = -2*c**2 - 58*c + 131281. Determine l(-271).
117
Let z(r) = 559*r**2 - 1993*r - 13. Calculate z(4).
959
Let l(u) = u**3 - 83*u**2 - 314*u + 3522. What is l(5)?
2
Let c(q) = -2*q**3 - 1119*q**2 - 43002*q - 4180. Give c(-518).
-36
Let p(o) = 398502*o + 1195465. Give p(-3).
-41
Let g(p) = -45*p**2 + 474*p + 206. Determine g(7).
1319
Let f(j) = -5209*j - 36433. Calculate f(-7).
30
Let l(r) = -63484*r + 17. Give l(0).
17
Let k(a) = a**2 - 2399*a + 345718. Determine k(154).
-12
Let w(h) = 337*h + 1353. Calculate w(-7).
-1006
Let d(n) = -15*n**2 + 112*n + 4. What is d(13)?
-1075
Let t(q) = -13*q**3 + 105*q**2 + 103*q - 1. What is t(-1)?
14
Let q(i) = 9997*i + 430164. Give q(-43).
293
Let l(p) = 468275*p - 2341424. Calculate l(5).
-49
Let b(z) = -z**3 - 381*z**2 + 8446*z + 1616. What is b(-402)?
8
Let j(f) = 101272*f + 2329258. What is j(-23)?
2
Let p(d) = 25*d**2 + 31645*d - 38023. Calculate p(-1267).
-13
Let o(k) = 5194*k - 41493. Calculate o(8).
59
Let o(p) = 2*p**3 - 234*p**2 + 414*p + 5308. Give o(115).
18
Let x(h) = -72*h**2 + 7087*h + 180577. Give x(-21).
-2
Let h(m) = 569205*m + 2846025. Give h(-5).
0
Let t(d) = 12302*d - 24608. Determine t(2).
-4
Let c(x) = -41792*x + 14418244. Calculate c(345).
4
Let b(f) = -14*f**2 - 46823*f + 516744. Determine b(11).
-3
Let t(h) = -5*h**3 + 11*h**2 + 89*h - 194. What is t(2)?
-12
Let a(n) = 4447*n - 1818913. What is a(409)?
-90
Let a(i) = -38*i**2 - 11997*i + 3483. Determine a(-316).
7
Let t(o) = -2*o**3 - 204*o**2 - 773*o + 933. Calculate t(-98).
-145
Let m(y) = -y**2 + 526*y + 3183. Give m(-6).
-9
Let z(i) = -1692174*i - 10153040. What is z(-6)?
4
Let u(y) = -4*y**2 - 346*y - 3973. Calculate u(-72).
203
Let x(k) = 1184*k - 84260. Give x(71).
-196
Let m(l) = 1559*l - 39011. Give m(25).
-36
Let c(t) = -3*t**3 + 24*t**2 + 466*t - 1334. Calculate c(16).
-22
Let s(x) = 4974*x + 34182. Give s(-7).
-636
Let n(f) = f**3 + 27*f**2 - 364*f - 7898. Calculate n(-30).
322
Let h(q) = -6*q**3 + 8*q**2 + 109*q - 151. Give h(8).